
{"id":1046,"date":"2025-04-11T07:58:48","date_gmt":"2025-04-11T12:58:48","guid":{"rendered":"https:\/\/logissystem.com\/fidelizacion\/?post_type=product&#038;p=1046"},"modified":"2025-04-11T07:58:48","modified_gmt":"2025-04-11T12:58:48","slug":"sobres-algho-dia-naranja-x-50-antigripal-2","status":"publish","type":"product","link":"https:\/\/logissystem.com\/fidelizacion\/producto\/sobres-algho-dia-naranja-x-50-antigripal-2\/","title":{"rendered":"Sobres Algho d\u00eda naranja x 50 (antigripal)"},"content":{"rendered":"<p>Nuestro producto es un eficaz antigripal que act\u00faa como descongestionante, aliviando el dolor y reduciendo la fiebre asociados con el resfriado com\u00fan. Su f\u00f3rmula combate de manera integral todos los s\u00edntomas de esta afecci\u00f3n, proporcionando un alivio completo y r\u00e1pido para que pueda sentirse mejor r\u00e1pidamente.<\/p>\n","protected":false},"excerpt":{"rendered":"<p>Nuestro producto es un eficaz antigripal que act\u00faa como descongestionante, aliviando el dolor y reduciendo la fiebre asociados con el [&hellip;]<\/p>\n","protected":false},"featured_media":1047,"comment_status":"open","ping_status":"closed","template":"","meta":{"_uag_custom_page_level_css":"","site-sidebar-layout":"default","site-content-layout":"","ast-site-content-layout":"default","site-content-style":"default","site-sidebar-style":"default","ast-global-header-display":"","ast-banner-title-visibility":"","ast-main-header-display":"","ast-hfb-above-header-display":"","ast-hfb-below-header-display":"","ast-hfb-mobile-header-display":"","site-post-title":"","ast-breadcrumbs-content":"","ast-featured-img":"","footer-sml-layout":"","theme-transparent-header-meta":"default","adv-header-id-meta":"","stick-header-meta":"","header-above-stick-meta":"","header-main-stick-meta":"","header-below-stick-meta":"","astra-migrate-meta-layouts":"set","ast-page-background-enabled":"default","ast-page-background-meta":{"desktop":{"background-color":"var(--ast-global-color-5)","background-image":"","background-repeat":"repeat","background-position":"center center","background-size":"auto","background-attachment":"scroll","background-type":"","background-media":"","overlay-type":"","overlay-color":"","overlay-opacity":"","overlay-gradient":""},"tablet":{"background-color":"","background-image":"","background-repeat":"repeat","background-position":"center center","background-size":"auto","background-attachment":"scroll","background-type":"","background-media":"","overlay-type":"","overlay-color":"","overlay-opacity":"","overlay-gradient":""},"mobile":{"background-color":"","background-image":"","background-repeat":"repeat","background-position":"center center","background-size":"auto","background-attachment":"scroll","background-type":"","background-media":"","overlay-type":"","overlay-color":"","overlay-opacity":"","overlay-gradient":""}},"ast-content-background-meta":{"desktop":{"background-color":"var(--ast-global-color-4)","background-image":"","background-repeat":"repeat","background-position":"center center","background-size":"auto","background-attachment":"scroll","background-type":"","background-media":"","overlay-type":"","overlay-color":"","overlay-opacity":"","overlay-gradient":""},"tablet":{"background-color":"var(--ast-global-color-4)","background-image":"","background-repeat":"repeat","background-position":"center center","background-size":"auto","background-attachment":"scroll","background-type":"","background-media":"","overlay-type":"","overlay-color":"","overlay-opacity":"","overlay-gradient":""},"mobile":{"background-color":"var(--ast-global-color-4)","background-image":"","background-repeat":"repeat","background-position":"center center","background-size":"auto","background-attachment":"scroll","background-type":"","background-media":"","overlay-type":"","overlay-color":"","overlay-opacity":"","overlay-gradient":""}}},"product_brand":[],"product_cat":[15],"product_tag":[],"class_list":{"0":"post-1046","1":"product","2":"type-product","3":"status-publish","4":"has-post-thumbnail","6":"product_cat-sin-categorizar","7":"desktop-align-left","8":"tablet-align-left","9":"mobile-align-left","11":"first","12":"instock","13":"shipping-taxable","14":"purchasable","15":"product-type-simple"},"uagb_featured_image_src":{"full":["https:\/\/logissystem.com\/fidelizacion\/wp-content\/uploads\/2025\/04\/Antigripal-Caja.png",1307,1307,false],"thumbnail":["https:\/\/logissystem.com\/fidelizacion\/wp-content\/uploads\/2025\/04\/Antigripal-Caja-150x150.png",150,150,true],"medium":["https:\/\/logissystem.com\/fidelizacion\/wp-content\/uploads\/2025\/04\/Antigripal-Caja-300x300.png",300,300,true],"medium_large":["https:\/\/logissystem.com\/fidelizacion\/wp-content\/uploads\/2025\/04\/Antigripal-Caja-768x768.png",768,768,true],"large":["https:\/\/logissystem.com\/fidelizacion\/wp-content\/uploads\/2025\/04\/Antigripal-Caja-1024x1024.png",1024,1024,true],"1536x1536":["https:\/\/logissystem.com\/fidelizacion\/wp-content\/uploads\/2025\/04\/Antigripal-Caja.png",1307,1307,false],"2048x2048":["https:\/\/logissystem.com\/fidelizacion\/wp-content\/uploads\/2025\/04\/Antigripal-Caja.png",1307,1307,false],"woocommerce_thumbnail":["https:\/\/logissystem.com\/fidelizacion\/wp-content\/uploads\/2025\/04\/Antigripal-Caja-300x300.png",300,300,true],"woocommerce_single":["https:\/\/logissystem.com\/fidelizacion\/wp-content\/uploads\/2025\/04\/Antigripal-Caja-600x600.png",600,600,true],"woocommerce_gallery_thumbnail":["https:\/\/logissystem.com\/fidelizacion\/wp-content\/uploads\/2025\/04\/Antigripal-Caja-100x100.png",100,100,true],"dgwt-wcas-product-suggestion":["https:\/\/logissystem.com\/fidelizacion\/wp-content\/uploads\/2025\/04\/Antigripal-Caja-64x64.png",64,64,true]},"uagb_author_info":{"display_name":"Superadministrador","author_link":"https:\/\/logissystem.com\/fidelizacion\/author\/"},"uagb_comment_info":0,"uagb_excerpt":"Nuestro producto es un eficaz antigripal que act\u00faa como descongestionante, aliviando el dolor y reduciendo la fiebre asociados con el [&hellip;]","_links":{"self":[{"href":"https:\/\/logissystem.com\/fidelizacion\/wp-json\/wp\/v2\/product\/1046","targetHints":{"allow":["GET"]}}],"collection":[{"href":"https:\/\/logissystem.com\/fidelizacion\/wp-json\/wp\/v2\/product"}],"about":[{"href":"https:\/\/logissystem.com\/fidelizacion\/wp-json\/wp\/v2\/types\/product"}],"replies":[{"embeddable":true,"href":"https:\/\/logissystem.com\/fidelizacion\/wp-json\/wp\/v2\/comments?post=1046"}],"wp:featuredmedia":[{"embeddable":true,"href":"https:\/\/logissystem.com\/fidelizacion\/wp-json\/wp\/v2\/media\/1047"}],"wp:attachment":[{"href":"https:\/\/logissystem.com\/fidelizacion\/wp-json\/wp\/v2\/media?parent=1046"}],"wp:term":[{"taxonomy":"product_brand","embeddable":true,"href":"https:\/\/logissystem.com\/fidelizacion\/wp-json\/wp\/v2\/product_brand?post=1046"},{"taxonomy":"product_cat","embeddable":true,"href":"https:\/\/logissystem.com\/fidelizacion\/wp-json\/wp\/v2\/product_cat?post=1046"},{"taxonomy":"product_tag","embeddable":true,"href":"https:\/\/logissystem.com\/fidelizacion\/wp-json\/wp\/v2\/product_tag?post=1046"}],"curies":[{"name":"wp","href":"https:\/\/api.w.org\/{rel}","templated":true}]}}